- 3. Suppose 2*r = 8*r - 18. List the prime factors of m(r).
3, 23
Let r(j) = -j - 2. Let w be r(-4). List the prime factors of w*(-93)/(-12)*22.
11, 31
Let x = -6604 - -10115. List the prime factors of x.
3511
Let s(y) = -y - 13. Let f be s(-17). What are the prime factors of (-992)/(-8)*1/f?
31
Suppose 9*s - 10 = 17. What are the prime factors of 3/(624/(-212) + s)?
53
Let l = 59 - -12. What are the prime factors of l?
71
Let g be -1*(24/2)/4. Let o(s) = -26*s + 3. List the prime factors of o(g).
3
Let l = 440 - 214. List the prime factors of l.
2, 113
Let u(z) = 4*z**2 - 6*z + 5. Let n be u(4). Let o(x) = x**3 + 6*x**2 - 9*x - 10. Let m be o(-7). Suppose m*l = l + n. What are the prime factors of l?
3, 5
Suppose 9030 + 21026 = 34*m. What are the prime factors of m?
2, 13, 17
Suppose -1553 = 5547*s - 5548*s. What are the prime factors of s?
1553
Let n(x) = -x + 6. Let h be n(6). Let o(b) = -b + 3. Let u be o(h). What are the prime factors of u/(-1) + -2 + 11?
2, 3
Suppose -11991 = -11*n + 6071. List the prime factors of n.
2, 821
Suppose 5*q = 16*x - 20*x + 25860, -5*q = -3*x - 25860. List the prime factors of q.
2, 3, 431
List the prime factors of (29 - 1)*1442/56.
7, 103
Suppose 2*k + 5*m = 1143 + 949, 2*k - m = 2104. List the prime factors of k.
1051
Let a(s) = 3*s**2 - 232*s + 189. List the prime factors of a(86).
5, 97
Let q = 318 + -142. List the prime factors of q.
2, 11
Suppose 3*g - 2*s - 36 = g, -g = -5*s - 6. Let b be (-3304)/g*(-3)/2. Suppose -69 = -f + 4*q - 9, 0 = 5*f - 4*q - b. What are the prime factors of f?
2, 11
Let z = 559 - -786. What are the prime factors of z?
5, 269
Let y = 19 - 25. Let u = -1 - y. Suppose -134 = -u*v - 44. What are the prime factors of v?
2, 3
Let m be (174/24)/(1/(-4)). Let k = m - -42. What are the prime factors of k?
13
Let q(z) = -1 + z**2 + z**2 - 8*z - 5 + 2. What are the prime factors of q(6)?
2, 5
Let n(t) = 4*t**3 + t**2 + 4*t - 5. Let p be n(4). Let s = p - 126. List the prime factors of s.
157
Suppose 9*x + 29 = 4*p + 14*x, 4*x - 4 = 0. Suppose p*d - 9*d = -345. List the prime factors of d.
5, 23
Let b = 354 - 786. Let g = -292 - b. What are the prime factors of g?
2, 5, 7
Suppose l + 3*l - 5 = -d, 5*d - l - 46 = 0. Let o(y) = y**3 + y - 4 - d*y**2 + 3*y**2 + 2. What are the prime factors of o(6)?
2
List the prime factors of (2/(-4))/((-18)/(-22536))*-1.
2, 313
Suppose 0 = -6*t + 2467 + 6509. What are the prime factors of t?
2, 11, 17
Let o = 43 - 48. What are the prime factors of o/5*-1 + 26?
3
Let p(m) = -182*m - 30. List the prime factors of p(-3).
2, 3, 43
Let m = 107 + -133. What are the prime factors of (m/5)/(18/(-810))?
2, 3, 13
Suppose -9552 = -10*s + 6558. What are the prime factors of s?
3, 179
What are the prime factors of ((-18194)/55)/(4/5 + -1)?
2, 827
Let i = -72 + 153. Suppose 3*a = -0*a + i. What are the prime factors of a?
3
Let w = 1 - 0. Let p = -19 - -34. Suppose -2*k - w = -p. List the prime factors of k.
7
List the prime factors of -8 + 9 + 1 + 1067.
1069
Let b = -14 - -14. Let h(a) = -a**2 + 4*a - 2. Let u be h(2). Suppose -5*v - 6*f + f + 180 = b, -83 = -3*v + u*f. What are the prime factors of v?
31
Suppose -3*y + 405 = -4*a - 43, 447 = 3*y - 3*a. Suppose 0 = -5*v + 72 + y. List the prime factors of v.
2, 11
Let o = -653 + 1042. List the prime factors of o.
389
Suppose 2 = -b + 2*h - 6*h, -3*h + 9 = -b. Let n = -4 - b. Let m = n - -1. What are the prime factors of m?
3
Let j(a) = 24*a**3 - 7*a**2 + 6*a + 8. What are the prime factors of j(3)?
13, 47
Let q(g) = 28*g - 4. Let y(l) = -27*l + 5. Let s(j) = -4*q(j) - 3*y(j). Let h(c) = c. Let z(m) = 5*h(m) - s(m). List the prime factors of z(1).
5, 7
Suppose -4*t = 5*p + 537, 3*t + 442 = -4*p + 6*t. Let i = p - -178. List the prime factors of i.
3, 23
Let d(k) = -1675*k - 33. List the prime factors of d(-2).
31, 107
Let o = -58 + 58. Suppose o*l + 93 = l. What are the prime factors of l?
3, 31
Suppose 6*g - 10*g + 1624 = 0. Let u = g - 285. What are the prime factors of u?
11
Let f = 5 + 3. Suppose 5*a + 27 = f*a. List the prime factors of a.
3
Suppose -2*d + 2*i + 12 = 0, 0 = -0*d - 3*d - 2*i + 13. Suppose -h + 249 = 3*h + l, -h + d*l = -78. What are the prime factors of h?
3, 7
Suppose 173 = 10*s + 33. Let v(z) = 2*z + 8. List the prime factors of v(s).
2, 3
Suppose 6 = 2*l, -2*l + 48 = m + l. Let u be ((-18)/48)/(5/(-40)). Suppose 2*f + 3*j - 12 = -j, -m = -u*f + j. List the prime factors of f.
2, 3
Suppose 4*a = 3*a - 67. Let k = a + 48. Let g = -14 - k. List the prime factors of g.
5
What are the prime factors of -9 - (-10 + 2) - -2944?
3, 109
Let k(x) = x**3 - 4*x**2 + 2*x. Let w be k(3). Let l be 18 - 0 - w/3. Suppose -5*y + 12 = 4*i, -4*y = -5*i + l - 4. What are the prime factors of i?
3
Let d(h) = -h**3 - 16*h**2 + 11*h + 182. What are the prime factors of d(-19)?
2, 3, 11
Suppose 0 = -5*u + 2*s + 117, 2*s + 0 = u - 17. Let x(o) = 2*o - 3. Let y be x(2). Let i = u - y. What are the prime factors of i?
2, 3
Let y be -2*1*(-35)/2. Let k = y - 16. What are the prime factors of k?
19
Let i(z) be the first derivative of -z**6/360 - 11*z**5/120 + 7*z**4/24 + z**3/3 - 7. Let u(l) be the third derivative of i(l). List the prime factors of u(-6).
37
Suppose -2*j = 2*r + 2*r - 46, -3*r = -3. Let x be -5 + (-7)/(j/6). Let n = x - -15. What are the prime factors of n?
2
Let r = 61 - 56. Suppose -r*k + 6*k - 22 = i, 5*k = -3*i + 102. What are the prime factors of k?
3, 7
Let t(a) = a**3 - 14*a**2 - 3*a + 8. Let h(v) = 2*v**3 - 29*v**2 - 5*v + 17. Let y(d) = 6*h(d) - 13*t(d). What are the prime factors of y(8)?
2, 5, 7
Suppose -2*z - 2303 = -5*w, -496 = -2*w + 4*z + 438. Suppose w = 5*y - 36. Let l = y + -55. What are the prime factors of l?
2, 11
Let j = 9 + -9. Suppose -3*i - 3*m + 273 = j, -4*m - 69 = 2*i - 243. List the prime factors of i.
5, 19
Suppose 3*m + 26 = -2*o, 15 = m - 4*o + 5. What are the prime factors of (-2 + (-9)/m)/((-2)/472)?
2, 59
Suppose -4*w - 45*v + 10229 = -40*v, -5*v + 5 = 0. What are the prime factors of w?
2, 3, 71
Suppose l + 29 = 3*n + 9, -3*n = 2*l + 49. Let h = -18 - l. Suppose 2*i - 17 = 5*w, -h*w + 24 = 2*i - 3*w. What are the prime factors of i?
11
Suppose 711*r = 714*r - 2904. List the prime factors of r.
2, 11
Let r = 39 - 35. Suppose -3*a + a = -r. What are the prime factors of a + 23 + (-3)/(-3)?
2, 13
Let l be 54/4 - 18/36. Suppose c - l = -11. Suppose 5 = f, c*h + f - 71 = -h. List the prime factors of h.
2, 11
Let q = -113 + 214. Let j = -83 + q. List the prime factors of j.
2, 3
Let c = 31 + -20. Suppose 0 = -6*l + c*l + 70. Let d = 26 - l. List the prime factors of d.
2, 5
Let u(p) = 3*p**3 + 9*p**2 - 18*p + 37. List the prime factors of u(8).
5, 401
Let f = 37 - -42. Suppose f + 0 = q. What are the prime factors of q?
79
Let d = 26 + -36. Let j = d - 18. What are the prime factors of j/(-10)*(-25)/(-10)?
7
Let c be (-8)/(-68) - 480/34. What are the prime factors of (0 + 39)/((-3)/c)?
2, 7, 13
What are the prime factors of 1 + 1 - (-11)/(77/5614)?
2, 3, 67
Suppose 4*x - 23 = 17. Suppose -282 = 5*i - x*i + d, 288 = 5*i - 4*d. What are the prime factors of i?
2, 7
Let t = -949 - -1348. What are the prime factors of t?
3, 7, 19
Suppose 4*o = -0*j + 2*j + 8, -4*o = -12. Suppose 40 = 5*s + 3*h, -j*h - h = -15. List the prime factors of (s/2 - 2)*66.
3, 11
Let t = -1 - 1. Let x(q) = 71*q + 68*q - 213*q - 1 + 72*q. List the prime factors of x(t).
3
Let h = 15 - 24. What are the prime factors of -3*(-3)/h + 56?
5, 11
Suppose 0 = 5*x - z + 2*z - 169, -2*x + 4*z = -50. Let h = 204 - x. What are the prime factors of h?
3, 19
Let n = 285 + 980. List the prime factors of n.
5, 11, 23
Suppose -6*j - 8 - 2242 = 0. Let m = j - -545. List the prime factors of m.
2, 5, 17
Let t(j) = -j**3 - 26. Let u be t(0). Let l = 92 + u. List the prime factors of l.
2, 3, 11
Let z(g) = 2*g**2 + g - 13. Let f be z(-7). Suppose 5*n - 24 = -u - 0*n, -5*u + f = 4*n. What are the prime factors of (-362)/(-7) - (-4)/u?
2, 13
Let g = -1 - -3. List the prime factors of (-2)/((16/(-132))/g).
3, 11
Let h(q) = q**3 + 15*q**2 - 53*q + 16. What are the prime factors of h(-10)?
2, 523
Let d(c) = c**3 - 3*c**2 + 3*c + 1. Let w be d(3). Suppose w*n + 47 - 1457 = 0. List the prime factors of n.
3, 47
Let n = -610 + 4196